72 a multiple of 5?
False
Does 13 divide 1866826?
True
Is 5635 a multiple of 20?
False
Is 632 a factor of 3051928?
True
Is 48 a factor of 286224?
True
Is 21 a factor of 33898?
False
Is 3691571 a multiple of 59?
True
Is 148 a factor of 303623?
False
Is 603 a factor of 1202631?
False
Is 4646252 a multiple of 26?
True
Does 421 divide 2199725?
True
Does 9 divide 3420?
True
Is 436217 a multiple of 34?
False
Is 307 a factor of 9348409?
False
Is 14 a factor of 3369870?
True
Is 17408 a multiple of 8?
True
Is 21 a factor of 227570?
False
Does 3 divide 352815?
True
Is 66 a factor of 439758?
True
Does 17 divide 7429765?
True
Is 22 a factor of 425755?
False
Is 874 a factor of 5513192?
True
Does 481 divide 1802788?
True
Is 2887950 a multiple of 18?
False
Does 429 divide 302035?
False
Does 590 divide 311361?
False
Is 14876817 a multiple of 198?
False
Is 22 a factor of 120236?
False
Is 15937066 a multiple of 65?
False
Is 12 a factor of 206400?
True
Is 449 a factor of 506593?
False
Is 67 a factor of 749803?
False
Is 183016 a multiple of 8?
True
Does 6 divide 7615?
False
Is 67968 a multiple of 72?
True
Does 16 divide 18391488?
True
Is 829900 a multiple of 430?
True
Does 30 divide 82384?
False
Is 166378 a multiple of 59?
False
Is 16 a factor of 6511324?
False
Does 11 divide 275869?
True
Is 12 a factor of 1358424?
True
Is 38 a factor of 954906?
False
Is 110376 a multiple of 28?
True
Does 181 divide 1328902?
True
Is 75105 a multiple of 19?
False
Is 1659477 a multiple of 813?
False
Is 521391 a multiple of 39?
True
Is 8 a factor of 452456?
True
Does 1493 divide 8608638?
True
Does 97 divide 248320?
True
Is 2373 a multiple of 12?
False
Is 721 a factor of 940905?
True
Is 222640 a multiple of 55?
True
Is 30104 a multiple of 142?
True
Is 2286232 a multiple of 39?
False
Does 293 divide 49224?
True
Is 12 a factor of 3717432?
True
Is 112 a factor of 253235?
False
Is 278 a factor of 245196?
True
Is 122815 a multiple of 11?
True
Does 22 divide 288546?
False
Is 12738 even?
True
Is 7104608 a multiple of 1795?
False
Is 997560 a multiple of 70?
False
Is 784 a factor of 8653008?
True
Is 181745 a multiple of 32?
False
Is 124146 a multiple of 242?
True
Is 68467 a multiple of 3?
False
Is 426 a factor of 1691220?
True
Is 81207 a multiple of 21?
True
Is 43 a factor of 1654012?
False
Is 2914795 a multiple of 23?
False
Does 1395 divide 11273699?
False
Does 27 divide 9083246?
False
Is 101360 a multiple of 14?
True
Is 13 a factor of 6644170?
True
Is 7697012 a multiple of 422?
False
Is 17983 a multiple of 2?
False
Does 110 divide 1393810?
True
Is 3945225 a multiple of 1025?
True
Is 151280 a multiple of 8?
True
Does 180 divide 45720?
True
Is 48908 even?
True
Does 20 divide 73800?
True
Does 138 divide 18256?
False
Is 23 a factor of 91330?
False
Is 19350863 a multiple of 889?
True
Is 88 a factor of 176675?
False
Is 260761 a multiple of 9?
False
Is 30 a factor of 1096506?
False
Is 82703 a multiple of 433?
True
Does 167 divide 253108?
False
Is 434 a factor of 1727058?
False
Is 9485916 a multiple of 556?
True
Is 352722 a multiple of 159?
False
Does 361 divide 2283325?
True
Does 783 divide 792396?
True
Does 1917 divide 3513861?
True
Does 996 divide 4648332?
True
Is 6091709 a multiple of 448?
False
Does 276 divide 3467664?
True
Does 774 divide 6704388?
True
Is 12 a factor of 165344?
False
Is 4207 a multiple of 12?
False
Does 123 divide 54860?
False
Is 2194401 a multiple of 779?
False
Does 15 divide 32057?
False
Does 70 divide 86990?
False
Is 50 a factor of 32300?
True
Is 2514608 a multiple of 8?
True
Is 84632 a multiple of 298?
True
Is 12 a factor of 239836?
False
Is 98 a factor of 3478020?
True
Is 59 a factor of 174057?
False
Is 61651 a multiple of 73?
False
Is 14 a factor of 999518?
False
Is 390912 a multiple of 16?
True
Is 112 a factor of 1038065?
False
Is 944 a factor of 7270688?
True
Is 253 a factor of 152559?
True
Is 174235 a multiple of 24?
False
Is 3515642 a multiple of 598?
True
Is 7240311 a multiple of 16?
False
Is 6582263 a multiple of 773?
False
Does 247 divide 1164852?
True
Is 1332147 a multiple of 19?
True
Is 487711 a multiple of 658?
False
Is 39103 a multiple of 16?
False
Does 218 divide 92868?
True
Is 2956758 a multiple of 89?
True
Is 79426 a multiple of 49?
False
Is 21 a factor of 1658683?
False
Is 1291490 a multiple of 94?
False
Is 2332176 a multiple of 154?
True
Is 8 a factor of 13069?
False
Is 496 a factor of 1247753?
False
Does 21 divide 6429108?
True
Does 7 divide 3199?
True
Is 4 a factor of 493288?
True
Is 702964 a multiple of 7?
False
Does 25 divide 229600?
True
Is 1058720 a multiple of 16?
True
Is 74322 a multiple of 6?
True
Is 6 a factor of 573504?
True
Is 82 a factor of 258054?
True
Is 46 a factor of 43107?
False
Is 646905 a multiple of 505?
True
Does 65 divide 137599?
False
Is 4 a factor of 45142?
False
Is 322400 a multiple of 260?
True
Does 225 divide 41103?
False
Does 148 divide 148296?
True
Is 49 a factor of 711169?
False
Is 44 a factor of 129360?
True
Is 2366515 a multiple of 5?
True
Is 45 a factor of 457470?
True
Is 253376 a multiple of 16?
True
Is 56839 a multiple of 43?
False
Does 7 divide 20237?
True
Is 3 a factor of 6243?
True
Is 5 a factor of 3150899?
False
Is 21 a factor of 4220916?
True
Is 50 a factor of 14737019?
False
Is 231340 a multiple of 4?
True
Is 146243 a multiple of 7?
False
Is 14 a factor of 17374?
True
Does 225 divide 184500?
True
Is 1274510 a multiple of 43?
False
Is 2363866 a multiple of 19?
True
Is 26 a factor of 72540?
True
Is 2345434 a multiple of 2?
True
Is 264 a multiple of 39?
False
Does 822 divide 1623450?
True
Does 171 divide 303661?
False
Does 476 divide 1028230?
False
Is 124 a factor of 382799?
False
Does 92 divide 13231532?
True
Does 71 divide 135043?
False
Is 2 a factor of 21025?
False
Is 4 a factor of 3665644?
True
Is 578531 a multiple of 93?
False
Does 35 divide 117477?
False
Is 5 a factor of 20850?
True
Is 1754420 a multiple of 5?
True
Is 146591 a multiple of 100?
False
Is 114912 a multiple of 216?
True
Is 9 a factor of 160101?
True
Is 20 a factor of 867580?
True
Does 300 divide 1418100?
True
Is 2 a factor of 10729?
False
Is 102 a factor of 475728?
True
Is 384 a factor of 1963792?
False
Is 10 a factor of 794257?
False
Is 3177489 a multiple of 7?
True
Does 29 divide 78213?
True
Is 435860 a multiple of 30?
False
Is 5907930 a multiple of 210?
True
Is 554 a factor of 1965038?
True
Is 742 a factor of 18137002?
False
Is 121450 a multiple of 111?
False
Is 104040 a multiple of 340?
True
Is 179 a factor of 324125?
False
Is 607 a factor of 11531072?
False
Does 7 divide 53507?
False
Is 55 a factor of 46970?
True
Is 63 a factor of 285267?
False
Does 57 divide 318881?
False
Is 4 a factor of 3057597?
False
Is 25 a factor of 677294?
False
Is 772729 a multiple of 93?
False
Does 5 divide 7164?
False
Does 82 divide 22283008?
True
Does 26 divide 660659?
False
Is 21 a factor of 771267?
True
Is 399 a factor of 84189?
True
Is 6034 a multiple of 4?
False
Is 105 a factor of 295136?
False
Is 182 a factor of 14724164?
True
Does 446 divide 15584578?
True
Is 29333 a multiple of 66?
False
Does 1449 divide 14287808?
False
Is 26 a factor of 672929?
False
Does 2 divide 174787?
False
Is 818181 a multiple of 39?
True
Is 45 a factor of 20446?
False
Does 11 divide 175296?
True
Is 1385705 a multiple of 35?
False
Does 15 divide 210579?
False
Does 167 divide 4640174?
False
Is 92 a factor of 23568?
False
Does 916 divide 7620204?
True
Is 264 a factor of 1672683?
False
Is 272073 a multiple of 89?
True
Is 380631 a multiple of 51?
False
Does 39 divide 2683122?
True
Does 171 divide 751374?
True
Is 16 a factor of 2448?
True
Is 7880460 a multiple of 1740?
True
Is 14 a factor of 180291?
False
Is 100912 a multiple of 106?
True
Is 203434 a multiple of 15?
False
Is 187 a factor of 68816?
True
Is 330398 a multiple of 15?
False
Is 20 a factor of 3473540?
True
Is 5 a factor of 1245?
True
Is 15947616 a multiple of 9?
False
Does 122 divide 2702300?
True
Is 58 a factor of 9628465?
False
Is 4486440 a multiple of 49?
True
Is 31 a factor of 48267?
True
Is 228 a factor of 304152?
True
Does 96 divide 27132?
False
Is 71 a factor of 140090?
False
Does 22 divide 338034?
False
Does 49 divide 552916?
True
Is 18 a factor of 2182009?
False
Is 2238496 a multiple of 52?
True
Is 140 a factor of 1